5?
83
What is the remainder when 10130 is divided by 1111?
131
What is the remainder when 813414 is divided by 158?
30
Calculate the remainder when 67082 is divided by 505.
422
Calculate the remainder when 19011916 is divided by 1254.
22
Calculate the remainder when 28606 is divided by 4703.
388
What is the remainder when 482102 is divided by 160632?
206
What is the remainder when 287179585 is divided by 10?
5
Calculate the remainder when 170158 is divided by 236.
2
Calculate the remainder when 261090 is divided by 4139.
333
Calculate the remainder when 10167 is divided by 5169.
4998
Calculate the remainder when 141445185 is divided by 62.
59
What is the remainder when 1751064 is divided by 71?
62
Calculate the remainder when 42381 is divided by 558.
531
What is the remainder when 2810940 is divided by 254?
176
What is the remainder when 318809 is divided by 63745?
84
Calculate the remainder when 1057168 is divided by 2978.
2956
What is the remainder when 3756512 is divided by 6378?
6248
Calculate the remainder when 2262430 is divided by 565598.
38
What is the remainder when 534730 is divided by 2156?
42
Calculate the remainder when 12917799 is divided by 44.
15
Calculate the remainder when 36256 is divided by 12024.
184
Calculate the remainder when 1105326 is divided by 61404.
54
What is the remainder when 162921 is divided by 162565?
356
Calculate the remainder when 1727533 is divided by 6670.
3
What is the remainder when 878573 is divided by 878555?
18
Calculate the remainder when 269566 is divided by 889.
199
Calculate the remainder when 3386577 is divided by 12.
9
What is the remainder when 2931568 is divided by 183218?
80
Calculate the remainder when 1341272 is divided by 63865.
107
What is the remainder when 378090355 is divided by 164?
163
What is the remainder when 431095 is divided by 430553?
542
Calculate the remainder when 1243092 is divided by 103590.
12
What is the remainder when 32359766 is divided by 2941795?
21
Calculate the remainder when 1188356 is divided by 1750.
106
Calculate the remainder when 29673 is divided by 705.
63
What is the remainder when 489045 is divided by 27?
21
Calculate the remainder when 1241579 is divided by 620778.
23
What is the remainder when 11955959 is divided by 18?
17
Calculate the remainder when 29774390 is divided by 1200.
1190
What is the remainder when 889533 is divided by 221960?
1693
Calculate the remainder when 330648 is divided by 330607.
41
What is the remainder when 1554628 is divided by 459?
454
What is the remainder when 136214562 is divided by 1619?
1616
What is the remainder when 72880232 is divided by 108?
104
What is the remainder when 55969053 is divided by 3926?
3923
What is the remainder when 2570534 is divided by 1285252?
30
What is the remainder when 742904 is divided by 371208?
488
What is the remainder when 17725346 is divided by 1456?
2
Calculate the remainder when 186946 is divided by 194.
124
What is the remainder when 165524 is divided by 23519?
891
What is the remainder when 10181432 is divided by 42?
2
What is the remainder when 17766857 is divided by 7?
3
Calculate the remainder when 2892749 is divided by 461.
435
What is the remainder when 6055 is divided by 550?
5
Calculate the remainder when 451897 is divided by 3129.
1321
What is the remainder when 37088 is divided by 196?
44
Calculate the remainder when 2287569 is divided by 2444.
2429
What is the remainder when 18477 is divided by 3667?
142
What is the remainder when 299553 is divided by 49918?
45
What is the remainder when 186088109 is divided by 56?
53
Calculate the remainder when 10539847 is divided by 77.
10
What is the remainder when 446994751 is divided by 2609?
2608
Calculate the remainder when 12837000 is divided by 275.
0
Calculate the remainder when 3893982 is divided by 1149.
21
Calculate the remainder when 4087622 is divided by 5.
2
What is the remainder when 130367527 is divided by 220588?
19
Calculate the remainder when 1516472 is divided by 56164.
44
Calculate the remainder when 9781670 is divided by 147.
143
What is the remainder when 744231 is divided by 18139?
532
Calculate the remainder when 99349 is divided by 98838.
511
Calculate the remainder when 4109834 is divided by 195706.
8
Calculate the remainder when 13487238 is divided by 4495741.
15
Calculate the remainder when 14873 is divided by 2318.
965
What is the remainder when 2064187 is divided by 344026?
31
Calculate the remainder when 7632349 is divided by 163.
37
Calculate the remainder when 80961457 is divided by 310.
307
Calculate the remainder when 168530 is divided by 83562.
1406
Calculate the remainder when 318538 is divided by 318455.
83
What is the remainder when 837384 is divided by 55805?
309
What is the remainder when 504512 is divided by 14411?
127
Calculate the remainder when 66545252 is divided by 344794.
10
What is the remainder when 31142263 is divided by 94?
63
What is the remainder when 267180 is divided by 2424?
540
Calculate the remainder when 94236 is divided by 46999.
238
What is the remainder when 1638000 is divided by 357?
84
Calculate the remainder when 1587489 is divided by 190.
39
Calculate the remainder when 754235 is divided by 20948.
107
What is the remainder when 8713957 is divided by 4485?
4087
Calculate the remainder when 733948 is divided by 5779.
15
What is the remainder when 6469568 is divided by 395?
258
What is the remainder when 2794088 is divided by 2477?
32
What is the remainder when 46513846 is divided by 15504607?
25
Calculate the remainder when 164499189 is divided by 3042.
3039
What is the remainder when 20196208 is divided by 918009?
10
What is the remainder when 57561 is divided by 28716?
129
Calculate the remainder when 587251 is divided by 550.
401
What is the remainder when 20954943 is divided by 55?
53
What is the remainder when 117718 is divided by 6686?
4056
Calculate the remainder when 4801008 is divided by 320067.
3
Calculate the remainder when 2323359 is divided by 23952.
15
What is the remainder when 3996647 is divided by 137812?
99
Calculate the remainder when 7898435 is divided by 23719.
8
Calculate the remainder when 92744 is divided by 91627.
1117
Calculate the remainder when 731550 is divided by 33252.
6
What is the remainder when 10105269 is divided by 459329?
31
Calculate the remainder when 6540519 is divided by 71.
70
Calculate the remainder when 910947 is divided by 138.
9
What is the remainder when 186751 is divided by 207?
37
What is the remainder when 1641274 is divided by 410316?
10
Calculate the remainder when 12355593 is divided by 35.
33
What is the remainder when 99529 is divided by 16661?
16224
What is the remainder when 1491611 is divided by 549?
527
What is the remainder when 406487 is divided by 101492?
519
What is the remainder when 75429809 is divided by 196?
189
Calculate the remainder when 7388308 is divided by 1847062.
60
Calculate the remainder when 10294650 is divided by 4069.
80
What is the remainder when 6466398 is divided by 258654?
48
Calculate the remainder when 13474 is divided by 1232.
1154
Calculate the remainder when 5886991 is divided by 392.
327
What is the remainder when 13887 is divided by 13760?
127
Calculate the remainder when 796027411 is divided by 1547.
1544
Calculate the remainder when 30545804 is divided by 10181930.
14
What is the remainder when 1353868 is divided by 55?
43
Calculate the remainder when 16073 is divided by 353.
188
Calculate the remainder when 2016011 is divided by 223998.
29
Calculate the remainder when 1290347 is divided by 429740.
1127
Calculate the remainder when 311639 is divided by 7618.
6919
What is the remainder when 15372 is divided by 14610?
762
What is the remainder when 64329178 is divided by 60?
58
Calculate the remainder when 558923 is divided by 846.
563
What is the remainder when 303754 is divided by 515?
419
Calculate the remainder when 3238 is divided by 2894.
344
What is the remainder when 68367 is divided by 34160?
47
Calculate the remainder when 2021118 is divided by 1010505.
108
Calculate the remainder when 2843831 is divided by 15885.
416
What is the remainder when 271671219 is divided by 4451?
4434
Calculate the remainder when 11614932 is divided by 3871642.
6
Calculate the remainder when 7